{"id":104,"date":"2023-05-27T20:27:07","date_gmt":"2023-05-27T23:27:07","guid":{"rendered":"https:\/\/farmaciadebora.com\/?post_type=product&#038;p=104"},"modified":"2025-01-15T16:57:08","modified_gmt":"2025-01-15T19:57:08","slug":"filtro-solar-em-capsulas","status":"publish","type":"product","link":"https:\/\/farmaciadebora.com\/index.php\/product\/filtro-solar-em-capsulas\/","title":{"rendered":"Filtro Solar em C\u00e1psulas &#8211; \ud83d\udea830% DE DESCONTO\ud83d\udea8"},"content":{"rendered":"<p>Uma excelente jun\u00e7\u00e3o de produtos de alta qualidade para ajudar na prote\u00e7\u00e3o dos raios solares,\u00a0A FORMULA cria uma prote\u00e7\u00e3o em seu organismo evitando qualquer tipo de agress\u00e3o dos raios em sua pele.<\/p>\n<p>Lembrando que mesmo sendo uma excelente formula antioxidante ainda sim \u00e9 necess\u00e1rio aplicar no filtro solar nas \u00e1reas externas<\/p>\n<p><strong>Composi\u00e7\u00e3o:<\/strong><\/p>\n<p>OLI OLA 100MG; VITAMINA C 100mg; VITAMINA E 200ui; VITAMINA A 10mg; ZINCO 50mg, polipodio leucotomos 100mg<\/p>\n<p><strong>MODO DE USAR:<\/strong><\/p>\n<p>Tomar 1 C\u00e1psula pela manh\u00e3.<\/p>\n","protected":false},"excerpt":{"rendered":"<p>Uma excelente jun\u00e7\u00e3o de produtos de alta qualidade para ajudar na prote\u00e7\u00e3o dos raios solares,\u00a0A FORMULA cria uma prote\u00e7\u00e3o em seu organismo evitando qualquer tipo de agress\u00e3o dos raios em sua pele. Lembrando que mesmo sendo uma excelente formula antioxidante ainda sim \u00e9 necess\u00e1rio aplicar no filtro solar nas \u00e1reas externas Composi\u00e7\u00e3o: OLI OLA 100MG; [&hellip;]<\/p>\n","protected":false},"featured_media":68,"comment_status":"open","ping_status":"closed","template":"","meta":[],"product_cat":[16],"product_tag":[],"yoast_head":"<!-- This site is optimized with the Yoast SEO plugin v21.4 - https:\/\/yoast.com\/wordpress\/plugins\/seo\/ -->\n<title>Filtro Solar em C\u00e1psulas - \ud83d\udea830% DE DESCONTO\ud83d\udea8 - Farm\u00e1cia D\u00e9bora<\/title>\n<meta name=\"robots\" content=\"index, follow, max-snippet:-1, max-image-preview:large, max-video-preview:-1\" \/>\n<link rel=\"canonical\" href=\"https:\/\/farmaciadebora.com\/index.php\/product\/filtro-solar-em-capsulas\/\" \/>\n<meta property=\"og:locale\" content=\"pt_BR\" \/>\n<meta property=\"og:type\" content=\"article\" \/>\n<meta property=\"og:title\" content=\"Filtro Solar em C\u00e1psulas - \ud83d\udea830% DE DESCONTO\ud83d\udea8 - Farm\u00e1cia D\u00e9bora\" \/>\n<meta property=\"og:description\" content=\"Uma excelente jun\u00e7\u00e3o de produtos de alta qualidade para ajudar na prote\u00e7\u00e3o dos raios solares,\u00a0A FORMULA cria uma prote\u00e7\u00e3o em seu organismo evitando qualquer tipo de agress\u00e3o dos raios em sua pele. Lembrando que mesmo sendo uma excelente formula antioxidante ainda sim \u00e9 necess\u00e1rio aplicar no filtro solar nas \u00e1reas externas Composi\u00e7\u00e3o: OLI OLA 100MG; [&hellip;]\" \/>\n<meta property=\"og:url\" content=\"https:\/\/farmaciadebora.com\/index.php\/product\/filtro-solar-em-capsulas\/\" \/>\n<meta property=\"og:site_name\" content=\"Farm\u00e1cia D\u00e9bora\" \/>\n<meta property=\"article:publisher\" content=\"https:\/\/www.facebook.com\/farmaciadebora\" \/>\n<meta property=\"article:modified_time\" content=\"2025-01-15T19:57:08+00:00\" \/>\n<meta property=\"og:image\" content=\"http:\/\/farmaciadebora.com\/wp-content\/uploads\/2023\/05\/filtro-solar-em-capsula.png\" \/>\n\t<meta property=\"og:image:width\" content=\"684\" \/>\n\t<meta property=\"og:image:height\" content=\"804\" \/>\n\t<meta property=\"og:image:type\" content=\"image\/png\" \/>\n<meta name=\"twitter:card\" content=\"summary_large_image\" \/>\n<meta name=\"twitter:label1\" content=\"Est. tempo de leitura\" \/>\n\t<meta name=\"twitter:data1\" content=\"1 minuto\" \/>\n<script type=\"application\/ld+json\" class=\"yoast-schema-graph\">{\"@context\":\"https:\/\/schema.org\",\"@graph\":[{\"@type\":\"WebPage\",\"@id\":\"https:\/\/farmaciadebora.com\/index.php\/product\/filtro-solar-em-capsulas\/\",\"url\":\"https:\/\/farmaciadebora.com\/index.php\/product\/filtro-solar-em-capsulas\/\",\"name\":\"Filtro Solar em C\u00e1psulas - \ud83d\udea830% DE DESCONTO\ud83d\udea8 - Farm\u00e1cia D\u00e9bora\",\"isPartOf\":{\"@id\":\"https:\/\/farmaciadebora.com\/#website\"},\"datePublished\":\"2023-05-27T23:27:07+00:00\",\"dateModified\":\"2025-01-15T19:57:08+00:00\",\"breadcrumb\":{\"@id\":\"https:\/\/farmaciadebora.com\/index.php\/product\/filtro-solar-em-capsulas\/#breadcrumb\"},\"inLanguage\":\"pt-BR\",\"potentialAction\":[{\"@type\":\"ReadAction\",\"target\":[\"https:\/\/farmaciadebora.com\/index.php\/product\/filtro-solar-em-capsulas\/\"]}]},{\"@type\":\"BreadcrumbList\",\"@id\":\"https:\/\/farmaciadebora.com\/index.php\/product\/filtro-solar-em-capsulas\/#breadcrumb\",\"itemListElement\":[{\"@type\":\"ListItem\",\"position\":1,\"name\":\"In\u00edcio\",\"item\":\"https:\/\/farmaciadebora.com\/\"},{\"@type\":\"ListItem\",\"position\":2,\"name\":\"Shop\",\"item\":\"https:\/\/farmaciadebora.com\/index.php\/shop\/\"},{\"@type\":\"ListItem\",\"position\":3,\"name\":\"Filtro Solar em C\u00e1psulas &#8211; \ud83d\udea830% DE DESCONTO\ud83d\udea8\"}]},{\"@type\":\"WebSite\",\"@id\":\"https:\/\/farmaciadebora.com\/#website\",\"url\":\"https:\/\/farmaciadebora.com\/\",\"name\":\"Farm\u00e1cia D\u00e9bora\",\"description\":\"Manipulados com o melhor pre\u00e7o\",\"publisher\":{\"@id\":\"https:\/\/farmaciadebora.com\/#organization\"},\"potentialAction\":[{\"@type\":\"SearchAction\",\"target\":{\"@type\":\"EntryPoint\",\"urlTemplate\":\"https:\/\/farmaciadebora.com\/?s={search_term_string}\"},\"query-input\":\"required name=search_term_string\"}],\"inLanguage\":\"pt-BR\"},{\"@type\":\"Organization\",\"@id\":\"https:\/\/farmaciadebora.com\/#organization\",\"name\":\"Farm\u00e1cia D\u00e9bora\",\"url\":\"https:\/\/farmaciadebora.com\/\",\"logo\":{\"@type\":\"ImageObject\",\"inLanguage\":\"pt-BR\",\"@id\":\"https:\/\/farmaciadebora.com\/#\/schema\/logo\/image\/\",\"url\":\"https:\/\/farmaciadebora.com\/wp-content\/uploads\/2023\/05\/cropped-cropped-base_0000_logo.png\",\"contentUrl\":\"https:\/\/farmaciadebora.com\/wp-content\/uploads\/2023\/05\/cropped-cropped-base_0000_logo.png\",\"width\":614,\"height\":135,\"caption\":\"Farm\u00e1cia D\u00e9bora\"},\"image\":{\"@id\":\"https:\/\/farmaciadebora.com\/#\/schema\/logo\/image\/\"},\"sameAs\":[\"https:\/\/www.facebook.com\/farmaciadebora\",\"https:\/\/www.instagram.com\/farmacia_debora\/\"]}]}<\/script>\n<!-- \/ Yoast SEO plugin. -->","yoast_head_json":{"title":"Filtro Solar em C\u00e1psulas - \ud83d\udea830% DE DESCONTO\ud83d\udea8 - Farm\u00e1cia D\u00e9bora","robots":{"index":"index","follow":"follow","max-snippet":"max-snippet:-1","max-image-preview":"max-image-preview:large","max-video-preview":"max-video-preview:-1"},"canonical":"https:\/\/farmaciadebora.com\/index.php\/product\/filtro-solar-em-capsulas\/","og_locale":"pt_BR","og_type":"article","og_title":"Filtro Solar em C\u00e1psulas - \ud83d\udea830% DE DESCONTO\ud83d\udea8 - Farm\u00e1cia D\u00e9bora","og_description":"Uma excelente jun\u00e7\u00e3o de produtos de alta qualidade para ajudar na prote\u00e7\u00e3o dos raios solares,\u00a0A FORMULA cria uma prote\u00e7\u00e3o em seu organismo evitando qualquer tipo de agress\u00e3o dos raios em sua pele. Lembrando que mesmo sendo uma excelente formula antioxidante ainda sim \u00e9 necess\u00e1rio aplicar no filtro solar nas \u00e1reas externas Composi\u00e7\u00e3o: OLI OLA 100MG; [&hellip;]","og_url":"https:\/\/farmaciadebora.com\/index.php\/product\/filtro-solar-em-capsulas\/","og_site_name":"Farm\u00e1cia D\u00e9bora","article_publisher":"https:\/\/www.facebook.com\/farmaciadebora","article_modified_time":"2025-01-15T19:57:08+00:00","og_image":[{"width":684,"height":804,"url":"http:\/\/farmaciadebora.com\/wp-content\/uploads\/2023\/05\/filtro-solar-em-capsula.png","type":"image\/png"}],"twitter_card":"summary_large_image","twitter_misc":{"Est. tempo de leitura":"1 minuto"},"schema":{"@context":"https:\/\/schema.org","@graph":[{"@type":"WebPage","@id":"https:\/\/farmaciadebora.com\/index.php\/product\/filtro-solar-em-capsulas\/","url":"https:\/\/farmaciadebora.com\/index.php\/product\/filtro-solar-em-capsulas\/","name":"Filtro Solar em C\u00e1psulas - \ud83d\udea830% DE DESCONTO\ud83d\udea8 - Farm\u00e1cia D\u00e9bora","isPartOf":{"@id":"https:\/\/farmaciadebora.com\/#website"},"datePublished":"2023-05-27T23:27:07+00:00","dateModified":"2025-01-15T19:57:08+00:00","breadcrumb":{"@id":"https:\/\/farmaciadebora.com\/index.php\/product\/filtro-solar-em-capsulas\/#breadcrumb"},"inLanguage":"pt-BR","potentialAction":[{"@type":"ReadAction","target":["https:\/\/farmaciadebora.com\/index.php\/product\/filtro-solar-em-capsulas\/"]}]},{"@type":"BreadcrumbList","@id":"https:\/\/farmaciadebora.com\/index.php\/product\/filtro-solar-em-capsulas\/#breadcrumb","itemListElement":[{"@type":"ListItem","position":1,"name":"In\u00edcio","item":"https:\/\/farmaciadebora.com\/"},{"@type":"ListItem","position":2,"name":"Shop","item":"https:\/\/farmaciadebora.com\/index.php\/shop\/"},{"@type":"ListItem","position":3,"name":"Filtro Solar em C\u00e1psulas &#8211; \ud83d\udea830% DE DESCONTO\ud83d\udea8"}]},{"@type":"WebSite","@id":"https:\/\/farmaciadebora.com\/#website","url":"https:\/\/farmaciadebora.com\/","name":"Farm\u00e1cia D\u00e9bora","description":"Manipulados com o melhor pre\u00e7o","publisher":{"@id":"https:\/\/farmaciadebora.com\/#organization"},"potentialAction":[{"@type":"SearchAction","target":{"@type":"EntryPoint","urlTemplate":"https:\/\/farmaciadebora.com\/?s={search_term_string}"},"query-input":"required name=search_term_string"}],"inLanguage":"pt-BR"},{"@type":"Organization","@id":"https:\/\/farmaciadebora.com\/#organization","name":"Farm\u00e1cia D\u00e9bora","url":"https:\/\/farmaciadebora.com\/","logo":{"@type":"ImageObject","inLanguage":"pt-BR","@id":"https:\/\/farmaciadebora.com\/#\/schema\/logo\/image\/","url":"https:\/\/farmaciadebora.com\/wp-content\/uploads\/2023\/05\/cropped-cropped-base_0000_logo.png","contentUrl":"https:\/\/farmaciadebora.com\/wp-content\/uploads\/2023\/05\/cropped-cropped-base_0000_logo.png","width":614,"height":135,"caption":"Farm\u00e1cia D\u00e9bora"},"image":{"@id":"https:\/\/farmaciadebora.com\/#\/schema\/logo\/image\/"},"sameAs":["https:\/\/www.facebook.com\/farmaciadebora","https:\/\/www.instagram.com\/farmacia_debora\/"]}]}},"_links":{"self":[{"href":"https:\/\/farmaciadebora.com\/index.php\/wp-json\/wp\/v2\/product\/104"}],"collection":[{"href":"https:\/\/farmaciadebora.com\/index.php\/wp-json\/wp\/v2\/product"}],"about":[{"href":"https:\/\/farmaciadebora.com\/index.php\/wp-json\/wp\/v2\/types\/product"}],"replies":[{"embeddable":true,"href":"https:\/\/farmaciadebora.com\/index.php\/wp-json\/wp\/v2\/comments?post=104"}],"wp:featuredmedia":[{"embeddable":true,"href":"https:\/\/farmaciadebora.com\/index.php\/wp-json\/wp\/v2\/media\/68"}],"wp:attachment":[{"href":"https:\/\/farmaciadebora.com\/index.php\/wp-json\/wp\/v2\/media?parent=104"}],"wp:term":[{"taxonomy":"product_cat","embeddable":true,"href":"https:\/\/farmaciadebora.com\/index.php\/wp-json\/wp\/v2\/product_cat?post=104"},{"taxonomy":"product_tag","embeddable":true,"href":"https:\/\/farmaciadebora.com\/index.php\/wp-json\/wp\/v2\/product_tag?post=104"}],"curies":[{"name":"wp","href":"https:\/\/api.w.org\/{rel}","templated":true}]}}