{"id":95,"date":"2023-05-27T20:10:37","date_gmt":"2023-05-27T23:10:37","guid":{"rendered":"https:\/\/farmaciadebora.com\/?post_type=product&#038;p=95"},"modified":"2025-01-15T16:57:32","modified_gmt":"2025-01-15T19:57:32","slug":"acido-hialuronico-vitamina-c","status":"publish","type":"product","link":"https:\/\/farmaciadebora.com\/index.php\/product\/acido-hialuronico-vitamina-c\/","title":{"rendered":"\u00c1cido Hialur\u00f4nico + Vitamina C &#8211; \ud83d\udea830% DE DESCONTO\ud83d\udea8"},"content":{"rendered":"<p>A Vitamina C tem a\u00e7\u00e3o antioxidante, combatendo os radicais livres na parte aquosa dos tecidos, evitando assim o envelhecimento precoce. Participa na forma\u00e7\u00e3o do col\u00e1geno dando rigidez \u00e0 pele e aumentando o n\u00edvel de cicatriza\u00e7\u00e3o dos tecidos.<\/p>\n<p>O \u00c1cido Hialur\u00f4nico\u00a0 \u00e9 produzido naturalmente pelo nosso organismo e com o passar do tempo \u00e9 normal que ocorra a diminui\u00e7\u00e3o dessa produ\u00e7\u00e3o, por tanto \u00e9 importante fazer o uso di\u00e1rio desse ativo para prevenir os sinais de envelhecimento, o \u00e1cido hialur\u00f4nico tamb\u00e9m possui a fun\u00e7\u00e3o de reter \u00e1gua no organismo, deixando a pele mais hidratada.<\/p>\n<p>&nbsp;<\/p>\n<p><strong>COMPOSI\u00c7\u00c3O<\/strong><\/p>\n<p>Acido Hialur\u00f4nico 5%<\/p>\n<p>Vitamina C 10%<\/p>\n<p>Serum QSP 30ml<\/p>\n<p>&nbsp;<\/p>\n<p><strong>POSOLOGIA<\/strong><\/p>\n<p>Aplicar no rosto limpo a noite, lavar no dia seguinte e usar filtro solar durante o dia.<\/p>\n","protected":false},"excerpt":{"rendered":"<p>A Vitamina C tem a\u00e7\u00e3o antioxidante, combatendo os radicais livres na parte aquosa dos tecidos, evitando assim o envelhecimento precoce. Participa na forma\u00e7\u00e3o do col\u00e1geno dando rigidez \u00e0 pele e aumentando o n\u00edvel de cicatriza\u00e7\u00e3o dos tecidos. O \u00c1cido Hialur\u00f4nico\u00a0 \u00e9 produzido naturalmente pelo nosso organismo e com o passar do tempo \u00e9 normal que [&hellip;]<\/p>\n","protected":false},"featured_media":211,"comment_status":"open","ping_status":"closed","template":"","meta":[],"product_cat":[16],"product_tag":[],"yoast_head":"<!-- This site is optimized with the Yoast SEO plugin v21.4 - https:\/\/yoast.com\/wordpress\/plugins\/seo\/ -->\n<title>\u00c1cido Hialur\u00f4nico + Vitamina C - \ud83d\udea830% DE DESCONTO\ud83d\udea8 - Farm\u00e1cia D\u00e9bora<\/title>\n<meta name=\"robots\" content=\"index, follow, max-snippet:-1, max-image-preview:large, max-video-preview:-1\" \/>\n<link rel=\"canonical\" href=\"https:\/\/farmaciadebora.com\/index.php\/product\/acido-hialuronico-vitamina-c\/\" \/>\n<meta property=\"og:locale\" content=\"pt_BR\" \/>\n<meta property=\"og:type\" content=\"article\" \/>\n<meta property=\"og:title\" content=\"\u00c1cido Hialur\u00f4nico + Vitamina C - \ud83d\udea830% DE DESCONTO\ud83d\udea8 - Farm\u00e1cia D\u00e9bora\" \/>\n<meta property=\"og:description\" content=\"A Vitamina C tem a\u00e7\u00e3o antioxidante, combatendo os radicais livres na parte aquosa dos tecidos, evitando assim o envelhecimento precoce. Participa na forma\u00e7\u00e3o do col\u00e1geno dando rigidez \u00e0 pele e aumentando o n\u00edvel de cicatriza\u00e7\u00e3o dos tecidos. O \u00c1cido Hialur\u00f4nico\u00a0 \u00e9 produzido naturalmente pelo nosso organismo e com o passar do tempo \u00e9 normal que [&hellip;]\" \/>\n<meta property=\"og:url\" content=\"https:\/\/farmaciadebora.com\/index.php\/product\/acido-hialuronico-vitamina-c\/\" \/>\n<meta property=\"og:site_name\" content=\"Farm\u00e1cia D\u00e9bora\" \/>\n<meta property=\"article:publisher\" content=\"https:\/\/www.facebook.com\/farmaciadebora\" \/>\n<meta property=\"article:modified_time\" content=\"2025-01-15T19:57:32+00:00\" \/>\n<meta property=\"og:image\" content=\"http:\/\/farmaciadebora.com\/wp-content\/uploads\/2023\/05\/acido-3.png\" \/>\n\t<meta property=\"og:image:width\" content=\"1080\" \/>\n\t<meta property=\"og:image:height\" content=\"1080\" \/>\n\t<meta property=\"og:image:type\" content=\"image\/png\" \/>\n<meta name=\"twitter:card\" content=\"summary_large_image\" \/>\n<meta name=\"twitter:label1\" content=\"Est. tempo de leitura\" \/>\n\t<meta name=\"twitter:data1\" content=\"1 minuto\" \/>\n<script type=\"application\/ld+json\" class=\"yoast-schema-graph\">{\"@context\":\"https:\/\/schema.org\",\"@graph\":[{\"@type\":\"WebPage\",\"@id\":\"https:\/\/farmaciadebora.com\/index.php\/product\/acido-hialuronico-vitamina-c\/\",\"url\":\"https:\/\/farmaciadebora.com\/index.php\/product\/acido-hialuronico-vitamina-c\/\",\"name\":\"\u00c1cido Hialur\u00f4nico + Vitamina C - \ud83d\udea830% DE DESCONTO\ud83d\udea8 - Farm\u00e1cia D\u00e9bora\",\"isPartOf\":{\"@id\":\"https:\/\/farmaciadebora.com\/#website\"},\"datePublished\":\"2023-05-27T23:10:37+00:00\",\"dateModified\":\"2025-01-15T19:57:32+00:00\",\"breadcrumb\":{\"@id\":\"https:\/\/farmaciadebora.com\/index.php\/product\/acido-hialuronico-vitamina-c\/#breadcrumb\"},\"inLanguage\":\"pt-BR\",\"potentialAction\":[{\"@type\":\"ReadAction\",\"target\":[\"https:\/\/farmaciadebora.com\/index.php\/product\/acido-hialuronico-vitamina-c\/\"]}]},{\"@type\":\"BreadcrumbList\",\"@id\":\"https:\/\/farmaciadebora.com\/index.php\/product\/acido-hialuronico-vitamina-c\/#breadcrumb\",\"itemListElement\":[{\"@type\":\"ListItem\",\"position\":1,\"name\":\"In\u00edcio\",\"item\":\"https:\/\/farmaciadebora.com\/\"},{\"@type\":\"ListItem\",\"position\":2,\"name\":\"Shop\",\"item\":\"https:\/\/farmaciadebora.com\/index.php\/shop\/\"},{\"@type\":\"ListItem\",\"position\":3,\"name\":\"\u00c1cido Hialur\u00f4nico + Vitamina C &#8211; \ud83d\udea830% DE DESCONTO\ud83d\udea8\"}]},{\"@type\":\"WebSite\",\"@id\":\"https:\/\/farmaciadebora.com\/#website\",\"url\":\"https:\/\/farmaciadebora.com\/\",\"name\":\"Farm\u00e1cia D\u00e9bora\",\"description\":\"Manipulados com o melhor pre\u00e7o\",\"publisher\":{\"@id\":\"https:\/\/farmaciadebora.com\/#organization\"},\"potentialAction\":[{\"@type\":\"SearchAction\",\"target\":{\"@type\":\"EntryPoint\",\"urlTemplate\":\"https:\/\/farmaciadebora.com\/?s={search_term_string}\"},\"query-input\":\"required name=search_term_string\"}],\"inLanguage\":\"pt-BR\"},{\"@type\":\"Organization\",\"@id\":\"https:\/\/farmaciadebora.com\/#organization\",\"name\":\"Farm\u00e1cia D\u00e9bora\",\"url\":\"https:\/\/farmaciadebora.com\/\",\"logo\":{\"@type\":\"ImageObject\",\"inLanguage\":\"pt-BR\",\"@id\":\"https:\/\/farmaciadebora.com\/#\/schema\/logo\/image\/\",\"url\":\"https:\/\/farmaciadebora.com\/wp-content\/uploads\/2023\/05\/cropped-cropped-base_0000_logo.png\",\"contentUrl\":\"https:\/\/farmaciadebora.com\/wp-content\/uploads\/2023\/05\/cropped-cropped-base_0000_logo.png\",\"width\":614,\"height\":135,\"caption\":\"Farm\u00e1cia D\u00e9bora\"},\"image\":{\"@id\":\"https:\/\/farmaciadebora.com\/#\/schema\/logo\/image\/\"},\"sameAs\":[\"https:\/\/www.facebook.com\/farmaciadebora\",\"https:\/\/www.instagram.com\/farmacia_debora\/\"]}]}<\/script>\n<!-- \/ Yoast SEO plugin. -->","yoast_head_json":{"title":"\u00c1cido Hialur\u00f4nico + Vitamina C - \ud83d\udea830% DE DESCONTO\ud83d\udea8 - Farm\u00e1cia D\u00e9bora","robots":{"index":"index","follow":"follow","max-snippet":"max-snippet:-1","max-image-preview":"max-image-preview:large","max-video-preview":"max-video-preview:-1"},"canonical":"https:\/\/farmaciadebora.com\/index.php\/product\/acido-hialuronico-vitamina-c\/","og_locale":"pt_BR","og_type":"article","og_title":"\u00c1cido Hialur\u00f4nico + Vitamina C - \ud83d\udea830% DE DESCONTO\ud83d\udea8 - Farm\u00e1cia D\u00e9bora","og_description":"A Vitamina C tem a\u00e7\u00e3o antioxidante, combatendo os radicais livres na parte aquosa dos tecidos, evitando assim o envelhecimento precoce. Participa na forma\u00e7\u00e3o do col\u00e1geno dando rigidez \u00e0 pele e aumentando o n\u00edvel de cicatriza\u00e7\u00e3o dos tecidos. O \u00c1cido Hialur\u00f4nico\u00a0 \u00e9 produzido naturalmente pelo nosso organismo e com o passar do tempo \u00e9 normal que [&hellip;]","og_url":"https:\/\/farmaciadebora.com\/index.php\/product\/acido-hialuronico-vitamina-c\/","og_site_name":"Farm\u00e1cia D\u00e9bora","article_publisher":"https:\/\/www.facebook.com\/farmaciadebora","article_modified_time":"2025-01-15T19:57:32+00:00","og_image":[{"width":1080,"height":1080,"url":"http:\/\/farmaciadebora.com\/wp-content\/uploads\/2023\/05\/acido-3.png","type":"image\/png"}],"twitter_card":"summary_large_image","twitter_misc":{"Est. tempo de leitura":"1 minuto"},"schema":{"@context":"https:\/\/schema.org","@graph":[{"@type":"WebPage","@id":"https:\/\/farmaciadebora.com\/index.php\/product\/acido-hialuronico-vitamina-c\/","url":"https:\/\/farmaciadebora.com\/index.php\/product\/acido-hialuronico-vitamina-c\/","name":"\u00c1cido Hialur\u00f4nico + Vitamina C - \ud83d\udea830% DE DESCONTO\ud83d\udea8 - Farm\u00e1cia D\u00e9bora","isPartOf":{"@id":"https:\/\/farmaciadebora.com\/#website"},"datePublished":"2023-05-27T23:10:37+00:00","dateModified":"2025-01-15T19:57:32+00:00","breadcrumb":{"@id":"https:\/\/farmaciadebora.com\/index.php\/product\/acido-hialuronico-vitamina-c\/#breadcrumb"},"inLanguage":"pt-BR","potentialAction":[{"@type":"ReadAction","target":["https:\/\/farmaciadebora.com\/index.php\/product\/acido-hialuronico-vitamina-c\/"]}]},{"@type":"BreadcrumbList","@id":"https:\/\/farmaciadebora.com\/index.php\/product\/acido-hialuronico-vitamina-c\/#breadcrumb","itemListElement":[{"@type":"ListItem","position":1,"name":"In\u00edcio","item":"https:\/\/farmaciadebora.com\/"},{"@type":"ListItem","position":2,"name":"Shop","item":"https:\/\/farmaciadebora.com\/index.php\/shop\/"},{"@type":"ListItem","position":3,"name":"\u00c1cido Hialur\u00f4nico + Vitamina C &#8211; \ud83d\udea830% DE DESCONTO\ud83d\udea8"}]},{"@type":"WebSite","@id":"https:\/\/farmaciadebora.com\/#website","url":"https:\/\/farmaciadebora.com\/","name":"Farm\u00e1cia D\u00e9bora","description":"Manipulados com o melhor pre\u00e7o","publisher":{"@id":"https:\/\/farmaciadebora.com\/#organization"},"potentialAction":[{"@type":"SearchAction","target":{"@type":"EntryPoint","urlTemplate":"https:\/\/farmaciadebora.com\/?s={search_term_string}"},"query-input":"required name=search_term_string"}],"inLanguage":"pt-BR"},{"@type":"Organization","@id":"https:\/\/farmaciadebora.com\/#organization","name":"Farm\u00e1cia D\u00e9bora","url":"https:\/\/farmaciadebora.com\/","logo":{"@type":"ImageObject","inLanguage":"pt-BR","@id":"https:\/\/farmaciadebora.com\/#\/schema\/logo\/image\/","url":"https:\/\/farmaciadebora.com\/wp-content\/uploads\/2023\/05\/cropped-cropped-base_0000_logo.png","contentUrl":"https:\/\/farmaciadebora.com\/wp-content\/uploads\/2023\/05\/cropped-cropped-base_0000_logo.png","width":614,"height":135,"caption":"Farm\u00e1cia D\u00e9bora"},"image":{"@id":"https:\/\/farmaciadebora.com\/#\/schema\/logo\/image\/"},"sameAs":["https:\/\/www.facebook.com\/farmaciadebora","https:\/\/www.instagram.com\/farmacia_debora\/"]}]}},"_links":{"self":[{"href":"https:\/\/farmaciadebora.com\/index.php\/wp-json\/wp\/v2\/product\/95"}],"collection":[{"href":"https:\/\/farmaciadebora.com\/index.php\/wp-json\/wp\/v2\/product"}],"about":[{"href":"https:\/\/farmaciadebora.com\/index.php\/wp-json\/wp\/v2\/types\/product"}],"replies":[{"embeddable":true,"href":"https:\/\/farmaciadebora.com\/index.php\/wp-json\/wp\/v2\/comments?post=95"}],"wp:featuredmedia":[{"embeddable":true,"href":"https:\/\/farmaciadebora.com\/index.php\/wp-json\/wp\/v2\/media\/211"}],"wp:attachment":[{"href":"https:\/\/farmaciadebora.com\/index.php\/wp-json\/wp\/v2\/media?parent=95"}],"wp:term":[{"taxonomy":"product_cat","embeddable":true,"href":"https:\/\/farmaciadebora.com\/index.php\/wp-json\/wp\/v2\/product_cat?post=95"},{"taxonomy":"product_tag","embeddable":true,"href":"https:\/\/farmaciadebora.com\/index.php\/wp-json\/wp\/v2\/product_tag?post=95"}],"curies":[{"name":"wp","href":"https:\/\/api.w.org\/{rel}","templated":true}]}}